hen d is divided by u?
24
Let d = 135 - 129. Suppose 405 = d*p + 9*p. Let o(g) = -g + 134. Calculate the remainder when o(0) is divided by p.
26
What is the remainder when (4941/18 - -10)/(2/4) is divided by 30?
29
Let p(a) = 14*a**2 + 97*a + 10. Calculate the remainder when p(-7) is divided by ((-30)/(-4) - -1) + (-9)/6.
3
Let d(f) = -6*f**3 + 19*f**2 - 8*f + 16. Let x(u) = u**3 - u**2 + u - 1. Let h(q) = -d(q) - 5*x(q). What is the remainder when h(14) is divided by 8?
7
Suppose -3*s + 11*s = 40. Suppose 5*d - 225 = -s*k, 5*k - 143 = 2*k + d. Suppose 5*q - 58 = k. What is the remainder when q is divided by 7?
0
Let d(n) = 3*n**3 - 20*n**2 + 21*n + 22. What is the remainder when d(8) is divided by 14?
12
Suppose 4 = -r, 2*r = 8*l - 3*l - 423. Let i = 143 + -137. Calculate the remainder when l is divided by (-640)/(-45) + i/(-27).
13
Suppose -3*s = -5*u - 255 + 723, 3*s - 12 = 0. Calculate the remainder when 195 is divided by u.
3
Suppose -5*l = -9*l + 2*j + 298, -77 = -l + j. Suppose -z = z + 42. Let r = z + 36. What is the remainder when l is divided by r?
12
Suppose -6 = 18*d - 6. Suppose d = c - 166 + 136. Suppose -2*i = 3*i + 2*w - 85, 0 = i - 4*w - 17. Calculate the remainder when c is divided by i.
13
Let b be 3/(-12) - -62*(-5)/40. Let v be (-4)/b*-8 + 35/1. Suppose -3*g = -4*l - 218 + v, -4*g + l + 258 = 0. Calculate the remainder when g is divided by 34.
31
Let s(b) = -b**2 + 107*b - 2551. Calculate the remainder when s(38) is divided by 14.
1
Let c = 562 + -202. Suppose 353*i - c*i = -315. What is the remainder when i is divided by 4?
1
Let h(k) = -129*k + 7650. What is the remainder when 213 is divided by h(59)?
18
Let a(z) = z**2 + 4*z - 72. What is the remainder when 88 is divided by a(7)?
3
Let w be 0 + (8/3)/((-3)/(-18)). Suppose 2*k - 104 = 2*r, 11*k - w*k + r + 260 = 0. What is the remainder when k is divided by 15?
7
Suppose c = 6*x - 9*x + 5450, 2*c - 5452 = -3*x. What is the remainder when x is divided by 101?
99
Suppose -3*i + 16 = -2*u - 39, -u - 35 = -2*i. Calculate the remainder when (-88)/16*32/(-4) is divided by i.
14
Let z(p) = 4*p**3 - 6*p**2 - 3*p. Let d be z(-4). Let a = 402 + d. Calculate the remainder when a is divided by 39.
23
Let w = -71 - -110. Suppose 0 = 2*i - w + 1. Let v = -57 + 188. Calculate the remainder when v is divided by i.
17
Suppose 28*n - 34*n + 3960 = 0. Suppose 0 = -5*u, -14*p = -9*p + 2*u - n. Calculate the remainder when p is divided by 32.
4
Suppose 3*z = -3*z + 798. Let f = 52 + -16. Calculate the remainder when f is divided by z/28*8/2.
17
Let a(v) = v**2 + 41*v + 253. What is the remainder when a(-40) is divided by 17?
9
Suppose 2*l + p - 1892 + 157 = 0, -3*l - 5*p + 2592 = 0. Calculate the remainder when l is divided by 145.
144
What is the remainder when 216 is divided by 46 + (5/10*(3 + -3))/(-4)?
32
Suppose -5*r = 5*j + 3673 - 3938, 4*j - 176 = 2*r. Suppose -3*i + 15 = -3. Calculate the remainder when j is divided by i.
5
Suppose 3*w - 4*w = v - 747, -723 = -v + 5*w. What is the remainder when v is divided by 95?
78
Suppose 2*c - 15 = 3. Suppose -9*l + 7308 = c*l. Calculate the remainder when l is divided by 37.
36
Calculate the remainder when 3 + 98037/57 + 93/1767 is divided by 860.
3
Suppose 0 = -55*c - 74*c + 4693 - 436. Calculate the remainder when 1121 is divided by c.
32
Let f be ((-1)/((-2)/51))/((-3)/(-4)). Suppose f*t - 5 = 33*t. Suppose -2*r - 5*w = -10, -t*r + 55 = -w + 6*w. What is the remainder when r is divided by 6?
3
Let a(z) = 3*z**2 + 5*z - 137. Calculate the remainder when 1137 is divided by a(8).
92
Calculate the remainder when -32 + 51 - (-6746 + 0) is divided by 18.
15
Suppose -4*x = -182 - 110. Let s be 0/2 + (16 - 2). Suppose -16 - s = -2*r. Calculate the remainder when x is divided by r.
13
Suppose 47*v = 64*v + 986. What is the remainder when 62 is divided by (1 - 8/14)/(v/(-406))?
2
Suppose -23*o + 1298 = 36*o. What is the remainder when o is divided by 22?
0
Let q(b) = -3559*b - 2792. Calculate the remainder when q(-5) is divided by 82.
79
Let v = 657 + -397. Calculate the remainder when v/14 - 84/147 is divided by 14.
4
Let c(j) = 1201*j + 2168. Calculate the remainder when c(3) is divided by 55.
51
Suppose 4*v - 520 = 3*s, 3*v + 2*s - 495 = -105. Suppose -v - 8 = -6*t. What is the remainder when 294 is divided by t?
18
Let c(z) = -z**2 + 13*z - 4. Let p be c(22). Let d = p + 223. Suppose 4*y - 127 = 201. What is the remainder when y is divided by d?
19
Let b(c) = -2*c + 1. Let j(d) = 44*d. Let u(a) = -6*b(a) - j(a). Suppose -8*g - 17 = 7. What is the remainder when u(g) is divided by 46?
44
Let g(b) = b**3 + 6*b**2 + 4*b + 2. Let i = -68979 - -69003. Calculate the remainder when i is divided by g(-5).
3
Suppose -4*s + 1326 = -5*d, 660 = 2*s + 20*d - 23*d. What is the remainder when s is divided by (-2 + (-12)/(-21))*(-7)/1?
9
Let x(w) = -29 - 9 - 43*w - 2. Let a be x(-3). Suppose -o - 17 - a = -3*i, -3*o - 143 = -4*i. Calculate the remainder when 63 is divided by i.
28
Let k = 1254 - -1612. What is the remainder when k is divided by 19?
16
Let s be ((-1)/(-2)*(-84)/7)/(-1). Calculate the remainder when 101 is divided by s/((-240)/(-2065)) + (-3)/(-8).
49
Let g(m) = m**2 + 10*m + 74. Let b be g(-9). Suppose 2*u - b = -3*y, -4*u - 140 = -8*u + 4*y. Calculate the remainder when 202 is divided by u.
32
Suppose -9*j = -3857 - 643. What is the remainder when j is divided by 72?
68
Let u = -5 + 13. Suppose 0 = -6*c + 5*c + 13. Suppose 0 = 15*z - c*z - 12. What is the remainder when u is divided by z?
2
Calculate the remainder when 246 is divided by -14*((-8 - -16) + -16).
22
Suppose 5*j + 5 = 4*j. Let b be (-1)/((-7)/(-14) + j/6). Calculate the remainder when 74 is divided by 1/(b/72) - 4/(-4).
24
Let o be (-6 - -2 - -3) + 7. Suppose -o*r - 2*r = -16. Suppose 2*t = -3*f - r*t + 89, -f = 3*t - 28. Calculate the remainder when f is divided by 16.
15
Suppose -2*h + 84 = -2*o, -760 = -2*o - 772. Calculate the remainder when 1614 is divided by h.
30
Suppose -o + 2*o + 599 = 5*z, -z + 119 = -o. Calculate the remainder when z is divided by 71.
49
Let j(c) = 69*c**2 + c. What is the remainder when j(1) is divided by 120/(-28)*(-7644)/910?
34
Suppose -390 = -4*g + i - 64, 0 = 3*g - i - 245. What is the remainder when g is divided by 6/9 + (-1768)/(-156)?
9
Suppose 10851 - 11401 = -2*v. Calculate the remainder when 902 is divided by v.
77
Let j(p) = 11*p**3 + 1. Let f be j(2). Let m = 4173 - 4072. Let c = m - f. Calculate the remainder when 35 is divided by c.
11
Suppose -16*z = -40808 + 5144. Calculate the remainder when z is divided by 24.
21
Suppose 0 = 30*b - 31*b + v + 119, 5*b + 3*v - 587 = 0. What is the remainder when 289 is divided by b?
53
Suppose 5*l + 3*m - 505 = 1252, -1408 = -4*l - 2*m. What is the remainder when 1077 is divided by l?
12
Suppose 282*f - 31901 = 125*f + 134*f. Calculate the remainder when f is divided by 175.
162
Let t be (-11074)/1017 + 16/18. Suppose b = -4*b + 120. Let g = t + b. Calculate the remainder when 52 is divided by g.
10
Suppose -2*j = -3*j - 3*h, -5*j - 4*h - 22 = 0. What is the remainder when (4/8 + -3)/(3/(-78)) is divided by (-340)/(-15)*j/(-4)?
31
Let n(w) = 4*w - 116. Let l be n(38). Calculate the remainder when 28/(-3)*(21 - l) is divided by 13.
10
Let z be (-6 + 16)*2/(-2). Let d(b) = -3*b**2 - 37*b - 42. What is the remainder when d(z) is divided by (-1)/4 - 99/(-12)?
4
Suppose -4*h + 5*c = -1805, -4*h - 2*c = -c - 1823. Let i = 433066 - 433028. What is the remainder when h is divided by i?
37
Let y = -9207 + 10185. What is the remainder when y is divided by 124?
110
Suppose 9*o - 84 = 636. Let r = o + -78. What is the remainder when r is divided by 1?
0
Suppose -7*r + 2*r - 3*d = -31, -d = -3*r + 13. Let g be -1 + -3 + -6*(-30)/(-5). Let l = r - g. Calculate the remainder when l is divided by 16.
13
Suppose -5*x = 5*r - 4350, 77*x + 4*r - 4349 = 72*x. Calculate the remainder when 1738 is divided by x.
0
Calculate the remainder when ((-512)/(-30))/((-92)/(-13938)) - (-4)/10 is divided by 39.
12
Let h = -104 - -120. Calculate the remainder when (16 - 22) + 132/2 is divided by h.
12
Let q = 4436 - 4431. Calculate the remainder when 4177 is divided by q.
2
Suppose 3*f = 2*t - 122 - 169, -2*t = -f - 301. Calculate t